{"id":30483,"date":"2026-02-05T22:10:16","date_gmt":"2026-02-05T22:10:16","guid":{"rendered":"https:\/\/dicodi.cl\/allmedica\/?post_type=product&#038;p=30483"},"modified":"2026-02-05T22:10:18","modified_gmt":"2026-02-05T22:10:18","slug":"esfigmomanometro-aneroide-mural-o-sobremesa","status":"publish","type":"product","link":"https:\/\/dicodi.cl\/allmedica\/producto\/esfigmomanometro-aneroide-mural-o-sobremesa\/","title":{"rendered":"Esfigmoman\u00f3metro Aneroide Mural o Sobremesa"},"content":{"rendered":"<p>Esfigmoman\u00f3metro Aneroide Mural, manguera de alcance 3,5 mts., incluye brazalete est\u00e1ndar<\/p>\n","protected":false},"excerpt":{"rendered":"<p><strong>COD:<\/strong> BK2099<br \/>\n<strong>MARCA:<\/strong> BOKANG<br \/>\n<strong>MODELO:<\/strong> BK2099<\/p>\n","protected":false},"featured_media":29205,"template":"","meta":[],"product_brand":[],"product_cat":[175,176],"product_tag":[],"class_list":{"0":"post-30483","1":"product","2":"type-product","3":"status-publish","4":"has-post-thumbnail","6":"product_cat-diagnostico-y-procedimiento","7":"product_cat-esfigmomanometros","9":"first","10":"instock","11":"product-type-simple"},"_links":{"self":[{"href":"https:\/\/dicodi.cl\/allmedica\/wp-json\/wp\/v2\/product\/30483","targetHints":{"allow":["GET"]}}],"collection":[{"href":"https:\/\/dicodi.cl\/allmedica\/wp-json\/wp\/v2\/product"}],"about":[{"href":"https:\/\/dicodi.cl\/allmedica\/wp-json\/wp\/v2\/types\/product"}],"wp:featuredmedia":[{"embeddable":true,"href":"https:\/\/dicodi.cl\/allmedica\/wp-json\/wp\/v2\/media\/29205"}],"wp:attachment":[{"href":"https:\/\/dicodi.cl\/allmedica\/wp-json\/wp\/v2\/media?parent=30483"}],"wp:term":[{"taxonomy":"product_brand","embeddable":true,"href":"https:\/\/dicodi.cl\/allmedica\/wp-json\/wp\/v2\/product_brand?post=30483"},{"taxonomy":"product_cat","embeddable":true,"href":"https:\/\/dicodi.cl\/allmedica\/wp-json\/wp\/v2\/product_cat?post=30483"},{"taxonomy":"product_tag","embeddable":true,"href":"https:\/\/dicodi.cl\/allmedica\/wp-json\/wp\/v2\/product_tag?post=30483"}],"curies":[{"name":"wp","href":"https:\/\/api.w.org\/{rel}","templated":true}]}}