{"id":30485,"date":"2026-02-05T22:10:16","date_gmt":"2026-02-05T22:10:16","guid":{"rendered":"https:\/\/dicodi.cl\/allmedica\/?post_type=product&#038;p=30485"},"modified":"2026-02-05T22:10:18","modified_gmt":"2026-02-05T22:10:18","slug":"esfigmomanometro-yuwell-mercurio-sobremesa","status":"publish","type":"product","link":"https:\/\/dicodi.cl\/allmedica\/producto\/esfigmomanometro-yuwell-mercurio-sobremesa\/","title":{"rendered":"Esfigmoman\u00f3metro Yuwell Mercurio Sobremesa"},"content":{"rendered":"<p>El\u00a0<strong>esfigmoman\u00f3metro mercurio De Yuwell p<\/strong>ermite realizar un an\u00e1lisis preciso de la\u00a0<a href=\"https:\/\/www.paho.org\/es\/hearts-americas\/hearts-americas-medicion-presion-arterial#:~:text=La%20medici%C3%B3n%20precisa%20de%20la,la%20preparaci%C3%B3n%20adecuada%20del%20paciente.\" target=\"_blank\" rel=\"noopener\">presi\u00f3n<\/a>\u00a0sangu\u00ednea en adultos, proporcionando una herramienta integral para la monitorizaci\u00f3n cardiovascular. Con un amplio rango de medici\u00f3n de presi\u00f3n que abarca desde 0 hasta 300 mmHg, as\u00ed como un rango de detecci\u00f3n de frecuencia de pulso de 40 a 150 latidos por minuto, este dispositivo asegura una evaluaci\u00f3n completa de la salud vascular.<\/p>\n<p>Su tubo de cristal presenta un di\u00e1metro interno de 4 mm, facilitando la transmisi\u00f3n precisa de datos para obtener lecturas confiables y exactas. Adem\u00e1s, con una medida m\u00e1xima de 300 mmHg, se adapta eficazmente a diversas condiciones cl\u00ednicas, desde situaciones normales hasta aquellas que requieren una monitorizaci\u00f3n m\u00e1s intensiva.<\/p>\n<p>El brazalete de alta calidad a\u00f1ade comodidad y durabilidad al conjunto, mientras que la pera, conectada a trav\u00e9s de un tubo de l\u00e1tex, permite un inflado controlado y preciso, garantizando una experiencia confiable y eficiente en la toma de la presi\u00f3n arterial.<\/p>\n<h3><strong>Caracter\u00edsticas del esfigmoman\u00f3metro de mercurio:<\/strong><\/h3>\n<ul>\n<li>Garantiza resultados precisos y confiables en cada medici\u00f3n, proporcionando una herramienta de confianza para el monitoreo de la presi\u00f3n arterial.<\/li>\n<li class=\"field-item even\">Construido con materiales de alta calidad que no solo prolongan la vida \u00fatil del dispositivo, sino que tambi\u00e9n lo protegen contra la corrosi\u00f3n, asegurando un rendimiento constante a lo largo del tiempo.<\/li>\n<li class=\"field-item even\">Con un di\u00e1metro de brazalete ajustable de 22 a 32 cm, se adapta c\u00f3modamente a una amplia variedad de tama\u00f1os de brazo, brindando comodidad y versatilidad en su uso.<\/li>\n<li class=\"field-item even\">EL esfigmoman\u00f3metro de mercurio cubre un espectro completo de la presi\u00f3n arterial, desde 0 hasta 300 mmHg, permitiendo un monitoreo completo y detallado en diversas situaciones m\u00e9dicas y de atenci\u00f3n domiciliaria.<\/li>\n<\/ul>\n<h4>Incluye:<\/h4>\n<ul>\n<li>Esfigmoman\u00f3metro de mercurio<\/li>\n<li>Estuche<\/li>\n<li>Manual de uso<\/li>\n<\/ul>\n","protected":false},"excerpt":{"rendered":"<p><strong>COD:<\/strong> YU-100<br \/>\n<strong>MARCA:<\/strong> YUWELL<br \/>\n<strong>MODELO:<\/strong> YU-100<\/p>\n","protected":false},"featured_media":29209,"template":"","meta":[],"product_brand":[],"product_cat":[175,176],"product_tag":[],"class_list":{"0":"post-30485","1":"product","2":"type-product","3":"status-publish","4":"has-post-thumbnail","6":"product_cat-diagnostico-y-procedimiento","7":"product_cat-esfigmomanometros","9":"first","10":"instock","11":"product-type-simple"},"_links":{"self":[{"href":"https:\/\/dicodi.cl\/allmedica\/wp-json\/wp\/v2\/product\/30485","targetHints":{"allow":["GET"]}}],"collection":[{"href":"https:\/\/dicodi.cl\/allmedica\/wp-json\/wp\/v2\/product"}],"about":[{"href":"https:\/\/dicodi.cl\/allmedica\/wp-json\/wp\/v2\/types\/product"}],"wp:featuredmedia":[{"embeddable":true,"href":"https:\/\/dicodi.cl\/allmedica\/wp-json\/wp\/v2\/media\/29209"}],"wp:attachment":[{"href":"https:\/\/dicodi.cl\/allmedica\/wp-json\/wp\/v2\/media?parent=30485"}],"wp:term":[{"taxonomy":"product_brand","embeddable":true,"href":"https:\/\/dicodi.cl\/allmedica\/wp-json\/wp\/v2\/product_brand?post=30485"},{"taxonomy":"product_cat","embeddable":true,"href":"https:\/\/dicodi.cl\/allmedica\/wp-json\/wp\/v2\/product_cat?post=30485"},{"taxonomy":"product_tag","embeddable":true,"href":"https:\/\/dicodi.cl\/allmedica\/wp-json\/wp\/v2\/product_tag?post=30485"}],"curies":[{"name":"wp","href":"https:\/\/api.w.org\/{rel}","templated":true}]}}