{"id":30493,"date":"2026-02-05T22:10:17","date_gmt":"2026-02-05T22:10:17","guid":{"rendered":"https:\/\/dicodi.cl\/allmedica\/?post_type=product&#038;p=30493"},"modified":"2026-02-05T22:10:19","modified_gmt":"2026-02-05T22:10:19","slug":"oximetro-pulso-dedo-pediatrico","status":"publish","type":"product","link":"https:\/\/dicodi.cl\/allmedica\/producto\/oximetro-pulso-dedo-pediatrico\/","title":{"rendered":"Ox\u00edmetro Pulso Dedo Pedi\u00e1trico"},"content":{"rendered":"<p>Dise\u00f1ado especialmente para uso Pedi\u00e1trico. Equipo para medir la saturaci\u00f3n del oxigeno en la sangre y las pulsaciones del coraz\u00f3n a trav\u00e9s del dedo. SpO2 y Pulso pueden mostrarse correctamente en condiciones de perfusi\u00f3n baja. Usos en la Casa, Hospital, Cl\u00ednicas, Cirug\u00edas, Cuidados Intensivos, Rehabilitaci\u00f3n deportiva, odontolog\u00eda, antes o despu\u00e9s de realizar Deporte<\/p>\n","protected":false},"excerpt":{"rendered":"<p><strong>COD:<\/strong> MD300C53<br \/>\n<strong>MARCA:<\/strong> CHOICEMMED<br \/>\n<strong>MODELO:<\/strong> MD300C53<\/p>\n","protected":false},"featured_media":29243,"template":"","meta":[],"product_brand":[],"product_cat":[175,188],"product_tag":[189,190,191,192,193,194,195,196],"class_list":{"0":"post-30493","1":"product","2":"type-product","3":"status-publish","4":"has-post-thumbnail","6":"product_cat-diagnostico-y-procedimiento","7":"product_cat-oximetros","8":"product_tag-oximetro-de-pulso","9":"product_tag-oximetro-de-pulso-de-dedo","10":"product_tag-oximetro-dedo","11":"product_tag-oximetro-dedo-precio","12":"product_tag-oximetro-digital","13":"product_tag-oximetro-saturometro","14":"product_tag-saturometro","15":"product_tag-saturometro-portatil","17":"first","18":"instock","19":"purchasable","20":"product-type-simple"},"_links":{"self":[{"href":"https:\/\/dicodi.cl\/allmedica\/wp-json\/wp\/v2\/product\/30493","targetHints":{"allow":["GET"]}}],"collection":[{"href":"https:\/\/dicodi.cl\/allmedica\/wp-json\/wp\/v2\/product"}],"about":[{"href":"https:\/\/dicodi.cl\/allmedica\/wp-json\/wp\/v2\/types\/product"}],"wp:featuredmedia":[{"embeddable":true,"href":"https:\/\/dicodi.cl\/allmedica\/wp-json\/wp\/v2\/media\/29243"}],"wp:attachment":[{"href":"https:\/\/dicodi.cl\/allmedica\/wp-json\/wp\/v2\/media?parent=30493"}],"wp:term":[{"taxonomy":"product_brand","embeddable":true,"href":"https:\/\/dicodi.cl\/allmedica\/wp-json\/wp\/v2\/product_brand?post=30493"},{"taxonomy":"product_cat","embeddable":true,"href":"https:\/\/dicodi.cl\/allmedica\/wp-json\/wp\/v2\/product_cat?post=30493"},{"taxonomy":"product_tag","embeddable":true,"href":"https:\/\/dicodi.cl\/allmedica\/wp-json\/wp\/v2\/product_tag?post=30493"}],"curies":[{"name":"wp","href":"https:\/\/api.w.org\/{rel}","templated":true}]}}