{"id":30795,"date":"2026-02-05T22:10:42","date_gmt":"2026-02-05T22:10:42","guid":{"rendered":"https:\/\/dicodi.cl\/allmedica\/?post_type=product&#038;p=30795"},"modified":"2026-02-05T22:10:44","modified_gmt":"2026-02-05T22:10:44","slug":"carro-multiproposito","status":"publish","type":"product","link":"https:\/\/dicodi.cl\/allmedica\/producto\/carro-multiproposito\/","title":{"rendered":"Carro Multiprop\u00f3sito"},"content":{"rendered":"<p>Carro Multiprop\u00f3sito para uso en sala de Procedimientos, Anestesia , Emergencia, UCI, Administraci\u00f3n de Tratamiento.<\/p>\n","protected":false},"excerpt":{"rendered":"<p><strong>COD:<\/strong> F3B <br \/> <strong>MARCA:<\/strong> HBK <br \/> <strong>MODELO:<\/strong> F3B<\/p>\n","protected":false},"featured_media":29701,"template":"","meta":[],"product_brand":[],"product_cat":[355,353,325],"product_tag":[],"class_list":{"0":"post-30795","1":"product","2":"type-product","3":"status-publish","4":"has-post-thumbnail","6":"product_cat-carro-procedimientos","7":"product_cat-carros","8":"product_cat-mobiliario-clinico","10":"first","11":"instock","12":"product-type-simple"},"_links":{"self":[{"href":"https:\/\/dicodi.cl\/allmedica\/wp-json\/wp\/v2\/product\/30795","targetHints":{"allow":["GET"]}}],"collection":[{"href":"https:\/\/dicodi.cl\/allmedica\/wp-json\/wp\/v2\/product"}],"about":[{"href":"https:\/\/dicodi.cl\/allmedica\/wp-json\/wp\/v2\/types\/product"}],"wp:featuredmedia":[{"embeddable":true,"href":"https:\/\/dicodi.cl\/allmedica\/wp-json\/wp\/v2\/media\/29701"}],"wp:attachment":[{"href":"https:\/\/dicodi.cl\/allmedica\/wp-json\/wp\/v2\/media?parent=30795"}],"wp:term":[{"taxonomy":"product_brand","embeddable":true,"href":"https:\/\/dicodi.cl\/allmedica\/wp-json\/wp\/v2\/product_brand?post=30795"},{"taxonomy":"product_cat","embeddable":true,"href":"https:\/\/dicodi.cl\/allmedica\/wp-json\/wp\/v2\/product_cat?post=30795"},{"taxonomy":"product_tag","embeddable":true,"href":"https:\/\/dicodi.cl\/allmedica\/wp-json\/wp\/v2\/product_tag?post=30795"}],"curies":[{"name":"wp","href":"https:\/\/api.w.org\/{rel}","templated":true}]}}