{"id":30830,"date":"2026-02-05T22:10:46","date_gmt":"2026-02-05T22:10:46","guid":{"rendered":"https:\/\/dicodi.cl\/allmedica\/?post_type=product&#038;p=30830"},"modified":"2026-02-05T22:10:47","modified_gmt":"2026-02-05T22:10:47","slug":"lampara-de-procedimientos-led-72-000-lux","status":"publish","type":"product","link":"https:\/\/dicodi.cl\/allmedica\/producto\/lampara-de-procedimientos-led-72-000-lux\/","title":{"rendered":"L\u00e1mpara de Procedimientos Led 72.000 Lux"},"content":{"rendered":"<p>L\u00e1mpara de Procedimientos Led 72.000 Lux Rodante<\/p>\n<p>En el campo del tratamiento de menor importancia y emergente, KS-Q7 es el generador de la iluminaci\u00f3n ideal, con suficiente luz intensidad aplicada en cirug\u00eda menor, todo tipo de ex\u00e1menes. Flexible<br \/>\nS\u00faper alta iluminaci\u00f3n puede coincidir con las luces de cirug\u00eda menor fuente de luces estadounidense asegura una buena calidad de control de la prensa digital en l\u00e1mpara Cuello de ganso flexible Mejorar el \u00e1ngulo de examen<br \/>\nModelo: KS-Q7 Tipo: Negro o blanco, m\u00f3vil Fuente de luz: bombilla LED, 7bulbs, 10w Di\u00e1metro de lamphead: 90 mm di\u00e1metro del campo de luz (30\/50 cm): 80 mm \/ 90 mm de iluminaci\u00f3n (30\/50 cm) : 70000lux \/ 56000lux Extensi\u00f3n del brazo flexible: 760 mm Brillo de control: control de presi\u00f3n digital<\/p>\n","protected":false},"excerpt":{"rendered":"<p><strong>COD:<\/strong> ALL-KSQ7<br \/>\n<strong>MARCA:<\/strong> MST<br \/>\n<strong>MODELO:<\/strong> KSQ7<\/p>\n","protected":false},"featured_media":29713,"template":"","meta":[],"product_brand":[],"product_cat":[367,325],"product_tag":[368,369,376,371,377,378,379,380,374,381],"class_list":{"0":"post-30830","1":"product","2":"type-product","3":"status-publish","4":"has-post-thumbnail","6":"product_cat-lamparas-procedimientos","7":"product_cat-mobiliario-clinico","8":"product_tag-lampara","9":"product_tag-lampara-de-examen","10":"product_tag-lampara-de-examen-y-procedimientos","11":"product_tag-lampara-led","12":"product_tag-lampara-led-de-procedimientos","13":"product_tag-lampara-para-procedimientos-menores","14":"product_tag-lampara-portatil","15":"product_tag-lampara-portatil-procedimientos-quirurgicos","16":"product_tag-lampara-procedimientos","17":"product_tag-lampara-procedimientos-medicos","19":"first","20":"instock","21":"purchasable","22":"product-type-simple"},"_links":{"self":[{"href":"https:\/\/dicodi.cl\/allmedica\/wp-json\/wp\/v2\/product\/30830","targetHints":{"allow":["GET"]}}],"collection":[{"href":"https:\/\/dicodi.cl\/allmedica\/wp-json\/wp\/v2\/product"}],"about":[{"href":"https:\/\/dicodi.cl\/allmedica\/wp-json\/wp\/v2\/types\/product"}],"wp:featuredmedia":[{"embeddable":true,"href":"https:\/\/dicodi.cl\/allmedica\/wp-json\/wp\/v2\/media\/29713"}],"wp:attachment":[{"href":"https:\/\/dicodi.cl\/allmedica\/wp-json\/wp\/v2\/media?parent=30830"}],"wp:term":[{"taxonomy":"product_brand","embeddable":true,"href":"https:\/\/dicodi.cl\/allmedica\/wp-json\/wp\/v2\/product_brand?post=30830"},{"taxonomy":"product_cat","embeddable":true,"href":"https:\/\/dicodi.cl\/allmedica\/wp-json\/wp\/v2\/product_cat?post=30830"},{"taxonomy":"product_tag","embeddable":true,"href":"https:\/\/dicodi.cl\/allmedica\/wp-json\/wp\/v2\/product_tag?post=30830"}],"curies":[{"name":"wp","href":"https:\/\/api.w.org\/{rel}","templated":true}]}}