{"id":30893,"date":"2026-02-05T22:10:51","date_gmt":"2026-02-05T22:10:51","guid":{"rendered":"https:\/\/dicodi.cl\/allmedica\/?post_type=product&#038;p=30893"},"modified":"2026-02-05T22:10:52","modified_gmt":"2026-02-05T22:10:52","slug":"sillon-multiproposito-neumatico-marca-mubi","status":"publish","type":"product","link":"https:\/\/dicodi.cl\/allmedica\/producto\/sillon-multiproposito-neumatico-marca-mubi\/","title":{"rendered":"Sill\u00f3n Multiprop\u00f3sito Neum\u00e1tico marca Mubi"},"content":{"rendered":"<p>Sill\u00f3n Multiprop\u00f3sito Neum\u00e1tico marca Mubi<\/p>\n<p>Estructura en acero de alta resistencia que brinda seguridad y estabilidad.<\/p>\n<p style=\"text-align: left;\">Capacidad de carga segura 396lb (180kg) testeada.<br \/>\nReposa cabezas ajustable, apoya brazos abatibles, tendido de tres secciones articuladas con colchoneta interconstruida para brindar mayor confort. Fabricados en espuma de poliuretano de alta densidad, con cubierta en tela libre de l\u00e1tex, impermeable, ign\u00edfuga y antibacterial, de<br \/>\nf\u00e1cil limpieza y resistente a protocolos de desinfecci\u00f3n.<\/p>\n<p>Espaldar y pies asistidos por amortiguador neum\u00e1tico.<br \/>\nPortasueros fijo, desmontable, en acero inoxidable, con 2 ganchos de servicio.<br \/>\nSistema de bloqueo individual y ruedas TENTE\u00ae en poliuretano.<\/p>\n","protected":false},"excerpt":{"rendered":"<p><strong>COD:<\/strong> 4318<br \/>\n<strong>MARCA:<\/strong>\u00a0MUBI<br \/>\n<strong>MODELO:<\/strong> 4318<\/p>\n","protected":false},"featured_media":29814,"template":"","meta":[],"product_brand":[],"product_cat":[325],"product_tag":[487,486],"class_list":{"0":"post-30893","1":"product","2":"type-product","3":"status-publish","4":"has-post-thumbnail","6":"product_cat-mobiliario-clinico","7":"product_tag-sillon-dia","8":"product_tag-sillon-multiproposito","10":"first","11":"instock","12":"shipping-taxable","13":"product-type-simple"},"_links":{"self":[{"href":"https:\/\/dicodi.cl\/allmedica\/wp-json\/wp\/v2\/product\/30893","targetHints":{"allow":["GET"]}}],"collection":[{"href":"https:\/\/dicodi.cl\/allmedica\/wp-json\/wp\/v2\/product"}],"about":[{"href":"https:\/\/dicodi.cl\/allmedica\/wp-json\/wp\/v2\/types\/product"}],"wp:featuredmedia":[{"embeddable":true,"href":"https:\/\/dicodi.cl\/allmedica\/wp-json\/wp\/v2\/media\/29814"}],"wp:attachment":[{"href":"https:\/\/dicodi.cl\/allmedica\/wp-json\/wp\/v2\/media?parent=30893"}],"wp:term":[{"taxonomy":"product_brand","embeddable":true,"href":"https:\/\/dicodi.cl\/allmedica\/wp-json\/wp\/v2\/product_brand?post=30893"},{"taxonomy":"product_cat","embeddable":true,"href":"https:\/\/dicodi.cl\/allmedica\/wp-json\/wp\/v2\/product_cat?post=30893"},{"taxonomy":"product_tag","embeddable":true,"href":"https:\/\/dicodi.cl\/allmedica\/wp-json\/wp\/v2\/product_tag?post=30893"}],"curies":[{"name":"wp","href":"https:\/\/api.w.org\/{rel}","templated":true}]}}