{"id":30903,"date":"2026-02-05T22:10:52","date_gmt":"2026-02-05T22:10:52","guid":{"rendered":"https:\/\/dicodi.cl\/allmedica\/?post_type=product&#038;p=30903"},"modified":"2026-02-09T19:39:12","modified_gmt":"2026-02-09T19:39:12","slug":"funda-desechable-esteril-para-mango-de-lampara-quirurgica","status":"publish","type":"product","link":"https:\/\/dicodi.cl\/allmedica\/producto\/funda-desechable-esteril-para-mango-de-lampara-quirurgica\/","title":{"rendered":"Funda Desechable Est\u00e9ril para Mango de L\u00e1mpara Quir\u00fargica"},"content":{"rendered":"<p>Funda para mango de l\u00e1mpara de quir\u00f3fano Blayco LHC-01, de medidas 95x120mm.<br \/>\nDise\u00f1ada para prevenir el contacto del cirujano con el mango de la l\u00e1mpara durante el procedimiento quir\u00fargico.<br \/>\nLa funda es est\u00e9ril y cubre completamente el mango de la l\u00e1mpara. Clase I est\u00e9ril.<br \/>\nEmbolsada individualmente.<\/p>\n","protected":false},"excerpt":{"rendered":"<p><strong>COD:\u00a0<\/strong> LHC-01<br \/>\n<strong>MARCA:<\/strong> TELIC<br \/>\n<strong>MODELO:<\/strong> LHC-01<\/p>\n","protected":false},"featured_media":30929,"template":"","meta":[],"product_brand":[],"product_cat":[142,128,508],"product_tag":[497,498,499],"class_list":{"0":"post-30903","1":"product","2":"type-product","3":"status-publish","4":"has-post-thumbnail","6":"product_cat-accesorios-electrocirugia-cirugia-equipos-e-insumos-9","7":"product_cat-cirugia-equipos-e-insumos","8":"product_cat-ofertas-especiales","9":"product_tag-funda-desechable-lampara","10":"product_tag-funda-esteril-lampara","11":"product_tag-funda-lampara","13":"first","14":"instock","15":"shipping-taxable","16":"product-type-simple"},"_links":{"self":[{"href":"https:\/\/dicodi.cl\/allmedica\/wp-json\/wp\/v2\/product\/30903","targetHints":{"allow":["GET"]}}],"collection":[{"href":"https:\/\/dicodi.cl\/allmedica\/wp-json\/wp\/v2\/product"}],"about":[{"href":"https:\/\/dicodi.cl\/allmedica\/wp-json\/wp\/v2\/types\/product"}],"wp:featuredmedia":[{"embeddable":true,"href":"https:\/\/dicodi.cl\/allmedica\/wp-json\/wp\/v2\/media\/30929"}],"wp:attachment":[{"href":"https:\/\/dicodi.cl\/allmedica\/wp-json\/wp\/v2\/media?parent=30903"}],"wp:term":[{"taxonomy":"product_brand","embeddable":true,"href":"https:\/\/dicodi.cl\/allmedica\/wp-json\/wp\/v2\/product_brand?post=30903"},{"taxonomy":"product_cat","embeddable":true,"href":"https:\/\/dicodi.cl\/allmedica\/wp-json\/wp\/v2\/product_cat?post=30903"},{"taxonomy":"product_tag","embeddable":true,"href":"https:\/\/dicodi.cl\/allmedica\/wp-json\/wp\/v2\/product_tag?post=30903"}],"curies":[{"name":"wp","href":"https:\/\/api.w.org\/{rel}","templated":true}]}}